{"id":15,"date":"2020-10-27T18:31:15","date_gmt":"2020-10-27T18:31:15","guid":{"rendered":"https:\/\/johanneskoch.net\/?page_id=15"},"modified":"2020-10-28T14:53:30","modified_gmt":"2020-10-28T14:53:30","slug":"wer-ich-bin","status":"publish","type":"page","link":"https:\/\/johanneskoch.net\/index.php\/wer-ich-bin\/","title":{"rendered":"\u00dcber mich"},"content":{"rendered":"\n<p>Es war immer viel. Studieren, touren, arbeiten, wieder studieren, wieder touren, wieder arbeiten, schreiben, komponieren, reisen. Manchmal leben wie in einem Jumbojet. Die letzten knapp zehn Jahre war ich mit der Landung besch\u00e4ftigt. Und ja, es war gut. Im oberschw\u00e4bischen Outback in einem kleinen Landgymnasium arbeiten, begeisterter Ehemann sein und Papa von zwei zuckers\u00fc\u00dfen T\u00f6chtern, den Rasen m\u00e4hen und abends mit Freunden einen Schluck Single Malt genie\u00dfen, das f\u00fchlt sich nach purem Gl\u00fcck an. Aber jetzt ist es Zeit, wieder ein St\u00fcck weit aufzubrechen. Vier neue Lieder sind am Entstehen, ein Roman und eine kleine Firma. Los geht&#8217;s mit den Liedern. Befreundete Musiker sind informiert, Studiotage sind gebucht. Die Reise kann beginnen. <\/p>\n","protected":false},"excerpt":{"rendered":"<p>Es war immer viel. Studieren, touren, arbeiten, wieder studieren, wieder touren, wieder arbeiten, schreiben, komponieren, reisen. Manchmal leben wie in einem Jumbojet. Die letzten knapp zehn Jahre war ich mit der Landung besch\u00e4ftigt. Und ja, es war gut. Im oberschw\u00e4bischen Outback in einem kleinen Landgymnasium arbeiten, begeisterter Ehemann sein und Papa von zwei zuckers\u00fc\u00dfen T\u00f6chtern, [&hellip;]<\/p>\n","protected":false},"author":1,"featured_media":61,"parent":0,"menu_order":0,"comment_status":"closed","ping_status":"closed","template":"","meta":{"footnotes":""},"class_list":["post-15","page","type-page","status-publish","has-post-thumbnail","hentry","post-preview"],"yoast_head":"<!-- This site is optimized with the Yoast SEO plugin v27.5 - https:\/\/yoast.com\/product\/yoast-seo-wordpress\/ -->\n<title>\u00dcber mich - Johannes Koch<\/title>\n<meta name=\"robots\" content=\"index, follow, max-snippet:-1, max-image-preview:large, max-video-preview:-1\" \/>\n<link rel=\"canonical\" href=\"https:\/\/johanneskoch.net\/index.php\/wer-ich-bin\/\" \/>\n<meta property=\"og:locale\" content=\"de_DE\" \/>\n<meta property=\"og:type\" content=\"article\" \/>\n<meta property=\"og:title\" content=\"\u00dcber mich - Johannes Koch\" \/>\n<meta property=\"og:description\" content=\"Es war immer viel. Studieren, touren, arbeiten, wieder studieren, wieder touren, wieder arbeiten, schreiben, komponieren, reisen. Manchmal leben wie in einem Jumbojet. Die letzten knapp zehn Jahre war ich mit der Landung besch\u00e4ftigt. Und ja, es war gut. Im oberschw\u00e4bischen Outback in einem kleinen Landgymnasium arbeiten, begeisterter Ehemann sein und Papa von zwei zuckers\u00fc\u00dfen T\u00f6chtern, [&hellip;]\" \/>\n<meta property=\"og:url\" content=\"https:\/\/johanneskoch.net\/index.php\/wer-ich-bin\/\" \/>\n<meta property=\"og:site_name\" content=\"Johannes Koch\" \/>\n<meta property=\"article:modified_time\" content=\"2020-10-28T14:53:30+00:00\" \/>\n<meta property=\"og:image\" content=\"https:\/\/johanneskoch.net\/wp-content\/uploads\/2020\/10\/IMG_4408_n-scaled.jpg\" \/>\n\t<meta property=\"og:image:width\" content=\"1920\" \/>\n\t<meta property=\"og:image:height\" content=\"2560\" \/>\n\t<meta property=\"og:image:type\" content=\"image\/jpeg\" \/>\n<meta name=\"twitter:card\" content=\"summary_large_image\" \/>\n<meta name=\"twitter:label1\" content=\"Gesch\u00e4tzte Lesezeit\" \/>\n\t<meta name=\"twitter:data1\" content=\"1\u00a0Minute\" \/>\n<script type=\"application\/ld+json\" class=\"yoast-schema-graph\">{\"@context\":\"https:\\\/\\\/schema.org\",\"@graph\":[{\"@type\":\"WebPage\",\"@id\":\"https:\\\/\\\/johanneskoch.net\\\/index.php\\\/wer-ich-bin\\\/\",\"url\":\"https:\\\/\\\/johanneskoch.net\\\/index.php\\\/wer-ich-bin\\\/\",\"name\":\"\u00dcber mich - Johannes Koch\",\"isPartOf\":{\"@id\":\"https:\\\/\\\/johanneskoch.net\\\/#website\"},\"primaryImageOfPage\":{\"@id\":\"https:\\\/\\\/johanneskoch.net\\\/index.php\\\/wer-ich-bin\\\/#primaryimage\"},\"image\":{\"@id\":\"https:\\\/\\\/johanneskoch.net\\\/index.php\\\/wer-ich-bin\\\/#primaryimage\"},\"thumbnailUrl\":\"https:\\\/\\\/johanneskoch.net\\\/wp-content\\\/uploads\\\/2020\\\/10\\\/IMG_4408_n-scaled.jpg\",\"datePublished\":\"2020-10-27T18:31:15+00:00\",\"dateModified\":\"2020-10-28T14:53:30+00:00\",\"breadcrumb\":{\"@id\":\"https:\\\/\\\/johanneskoch.net\\\/index.php\\\/wer-ich-bin\\\/#breadcrumb\"},\"inLanguage\":\"de\",\"potentialAction\":[{\"@type\":\"ReadAction\",\"target\":[\"https:\\\/\\\/johanneskoch.net\\\/index.php\\\/wer-ich-bin\\\/\"]}]},{\"@type\":\"ImageObject\",\"inLanguage\":\"de\",\"@id\":\"https:\\\/\\\/johanneskoch.net\\\/index.php\\\/wer-ich-bin\\\/#primaryimage\",\"url\":\"https:\\\/\\\/johanneskoch.net\\\/wp-content\\\/uploads\\\/2020\\\/10\\\/IMG_4408_n-scaled.jpg\",\"contentUrl\":\"https:\\\/\\\/johanneskoch.net\\\/wp-content\\\/uploads\\\/2020\\\/10\\\/IMG_4408_n-scaled.jpg\",\"width\":1920,\"height\":2560},{\"@type\":\"BreadcrumbList\",\"@id\":\"https:\\\/\\\/johanneskoch.net\\\/index.php\\\/wer-ich-bin\\\/#breadcrumb\",\"itemListElement\":[{\"@type\":\"ListItem\",\"position\":1,\"name\":\"Home\",\"item\":\"https:\\\/\\\/johanneskoch.net\\\/\"},{\"@type\":\"ListItem\",\"position\":2,\"name\":\"\u00dcber mich\"}]},{\"@type\":\"WebSite\",\"@id\":\"https:\\\/\\\/johanneskoch.net\\\/#website\",\"url\":\"https:\\\/\\\/johanneskoch.net\\\/\",\"name\":\"Johannes Koch\",\"description\":\"Wie meine neuen Songs fliegen lernen.\",\"potentialAction\":[{\"@type\":\"SearchAction\",\"target\":{\"@type\":\"EntryPoint\",\"urlTemplate\":\"https:\\\/\\\/johanneskoch.net\\\/?s={search_term_string}\"},\"query-input\":{\"@type\":\"PropertyValueSpecification\",\"valueRequired\":true,\"valueName\":\"search_term_string\"}}],\"inLanguage\":\"de\"}]}<\/script>\n<!-- \/ Yoast SEO plugin. -->","yoast_head_json":{"title":"\u00dcber mich - Johannes Koch","robots":{"index":"index","follow":"follow","max-snippet":"max-snippet:-1","max-image-preview":"max-image-preview:large","max-video-preview":"max-video-preview:-1"},"canonical":"https:\/\/johanneskoch.net\/index.php\/wer-ich-bin\/","og_locale":"de_DE","og_type":"article","og_title":"\u00dcber mich - Johannes Koch","og_description":"Es war immer viel. Studieren, touren, arbeiten, wieder studieren, wieder touren, wieder arbeiten, schreiben, komponieren, reisen. Manchmal leben wie in einem Jumbojet. Die letzten knapp zehn Jahre war ich mit der Landung besch\u00e4ftigt. Und ja, es war gut. Im oberschw\u00e4bischen Outback in einem kleinen Landgymnasium arbeiten, begeisterter Ehemann sein und Papa von zwei zuckers\u00fc\u00dfen T\u00f6chtern, [&hellip;]","og_url":"https:\/\/johanneskoch.net\/index.php\/wer-ich-bin\/","og_site_name":"Johannes Koch","article_modified_time":"2020-10-28T14:53:30+00:00","og_image":[{"width":1920,"height":2560,"url":"https:\/\/johanneskoch.net\/wp-content\/uploads\/2020\/10\/IMG_4408_n-scaled.jpg","type":"image\/jpeg"}],"twitter_card":"summary_large_image","twitter_misc":{"Gesch\u00e4tzte Lesezeit":"1\u00a0Minute"},"schema":{"@context":"https:\/\/schema.org","@graph":[{"@type":"WebPage","@id":"https:\/\/johanneskoch.net\/index.php\/wer-ich-bin\/","url":"https:\/\/johanneskoch.net\/index.php\/wer-ich-bin\/","name":"\u00dcber mich - Johannes Koch","isPartOf":{"@id":"https:\/\/johanneskoch.net\/#website"},"primaryImageOfPage":{"@id":"https:\/\/johanneskoch.net\/index.php\/wer-ich-bin\/#primaryimage"},"image":{"@id":"https:\/\/johanneskoch.net\/index.php\/wer-ich-bin\/#primaryimage"},"thumbnailUrl":"https:\/\/johanneskoch.net\/wp-content\/uploads\/2020\/10\/IMG_4408_n-scaled.jpg","datePublished":"2020-10-27T18:31:15+00:00","dateModified":"2020-10-28T14:53:30+00:00","breadcrumb":{"@id":"https:\/\/johanneskoch.net\/index.php\/wer-ich-bin\/#breadcrumb"},"inLanguage":"de","potentialAction":[{"@type":"ReadAction","target":["https:\/\/johanneskoch.net\/index.php\/wer-ich-bin\/"]}]},{"@type":"ImageObject","inLanguage":"de","@id":"https:\/\/johanneskoch.net\/index.php\/wer-ich-bin\/#primaryimage","url":"https:\/\/johanneskoch.net\/wp-content\/uploads\/2020\/10\/IMG_4408_n-scaled.jpg","contentUrl":"https:\/\/johanneskoch.net\/wp-content\/uploads\/2020\/10\/IMG_4408_n-scaled.jpg","width":1920,"height":2560},{"@type":"BreadcrumbList","@id":"https:\/\/johanneskoch.net\/index.php\/wer-ich-bin\/#breadcrumb","itemListElement":[{"@type":"ListItem","position":1,"name":"Home","item":"https:\/\/johanneskoch.net\/"},{"@type":"ListItem","position":2,"name":"\u00dcber mich"}]},{"@type":"WebSite","@id":"https:\/\/johanneskoch.net\/#website","url":"https:\/\/johanneskoch.net\/","name":"Johannes Koch","description":"Wie meine neuen Songs fliegen lernen.","potentialAction":[{"@type":"SearchAction","target":{"@type":"EntryPoint","urlTemplate":"https:\/\/johanneskoch.net\/?s={search_term_string}"},"query-input":{"@type":"PropertyValueSpecification","valueRequired":true,"valueName":"search_term_string"}}],"inLanguage":"de"}]}},"jetpack_sharing_enabled":true,"_links":{"self":[{"href":"https:\/\/johanneskoch.net\/index.php\/wp-json\/wp\/v2\/pages\/15","targetHints":{"allow":["GET"]}}],"collection":[{"href":"https:\/\/johanneskoch.net\/index.php\/wp-json\/wp\/v2\/pages"}],"about":[{"href":"https:\/\/johanneskoch.net\/index.php\/wp-json\/wp\/v2\/types\/page"}],"author":[{"embeddable":true,"href":"https:\/\/johanneskoch.net\/index.php\/wp-json\/wp\/v2\/users\/1"}],"replies":[{"embeddable":true,"href":"https:\/\/johanneskoch.net\/index.php\/wp-json\/wp\/v2\/comments?post=15"}],"version-history":[{"count":4,"href":"https:\/\/johanneskoch.net\/index.php\/wp-json\/wp\/v2\/pages\/15\/revisions"}],"predecessor-version":[{"id":35,"href":"https:\/\/johanneskoch.net\/index.php\/wp-json\/wp\/v2\/pages\/15\/revisions\/35"}],"wp:featuredmedia":[{"embeddable":true,"href":"https:\/\/johanneskoch.net\/index.php\/wp-json\/wp\/v2\/media\/61"}],"wp:attachment":[{"href":"https:\/\/johanneskoch.net\/index.php\/wp-json\/wp\/v2\/media?parent=15"}],"curies":[{"name":"wp","href":"https:\/\/api.w.org\/{rel}","templated":true}]}}